the third derivative of 3/8*y**d + 1/60*y**5 - 6*y**2 + 0 + y**3 + 0*y. Give l(-6).
-12
Let p(d) be the first derivative of -d**2/2 - d - 13. Determine p(-5).
4
Let h be ((-20)/25)/(4/30). Let x(u) = -8*u + 49 - 23 - 7*u**2 - u**3 - 28. Determine x(h).
10
Let n(k) = -2*k - 6. Let y = -77 - -43. Let o be 1/((-5)/y) - (-36)/(-45). Calculate n(o).
-18
Let a(x) = 1 + 28*x**2 + x**3 + 4*x - 23*x**2 - 11*x**2. Give a(4).
-15
Suppose 13 = -3*r - 2, 3*a = -5*r + 11. Let f(i) = i**3 - 11*i**2 - 13*i + 15. Give f(a).
3
Let i(j) be the first derivative of 4*j**3/3 + 2*j**2 - 6. Let z(y) = -5*y**2 - 3*y - 1. Let f(n) = -4*i(n) - 3*z(n). What is f(-6)?
9
Let j(f) = -f**2 - 3*f - 4. Suppose 545*p - 20 = 549*p. Give j(p).
-14
Let g(z) be the second derivative of 1/12*z**4 - 35*z + 0 + 3/2*z**3 + 2*z**2. Give g(-7).
-10
Suppose 5*s - 3 - 12 = 0. Let l(n) = s*n + 0*n**2 - n**2 - 5*n + 7. Let w(r) = r**2 - 10*r - 205. Let g be w(20). Determine l(g).
-8
Let g be (-52)/(-4)*2/2. Let f be 2/3 - g/(-3). Let m(l) be the third derivative of -l**6/120 + l**5/12 + l**4/24 + 89*l**2. Give m(f).
5
Let u(j) be the third derivative of 3*j**2 - 1/6*j**3 + 1/24*j**4 + 0 + 0*j. Let l(x) = x**3 + 5*x**2 + 2*x - 5. Let i be l(-4). What is u(i)?
2
Let a(j) be the first derivative of 2*j**3/3 - j**2/2 - 6*j - 349. Determine a(5).
39
Let g(i) = 2 + i - 365*i**2 + 364*i**2 - 2*i. Calculate g(0).
2
Suppose -3 = -0*i + 3*i. Let t(v) be the first derivative of 5*v**2/2 + v - 2. Calculate t(i).
-4
Let b = 75 + -73. Suppose -6*v + 15 = u - 4*v, -4*u + 10 = -b*v. Let i(q) = -q + 4. What is i(u)?
-1
Let f = 837 + -842. Let x(p) = p**3 + 3*p**2 - 7*p. Determine x(f).
-15
Let c(t) = -t + 6. Suppose -5 + 2 = -x. Suppose x*m - 3 - 6 = 0. Calculate c(m).
3
Let t(b) = 5*b + 13. Let x be t(-4). Let l(s) = -s**2 - 8*s + 10. Let c(n) = -n**2 - 8*n + 11. Let a(y) = -2*c(y) + 3*l(y). Calculate a(x).
15
Let t(w) = w**2 - 2*w - 2. Let l(d) = d**3 - 10*d + 1. Let a be l(-3). Give t(a).
6
Let i(s) = -9 - 1 + 27 - s**2 - 10. Determine i(-8).
-57
Suppose 0 = 3*x - 0 + 6. Let w be ((-5)/(20/24))/x. Suppose 4*v = -2*y + 18, -w*y = -2*v - 2*y + 11. Let g(q) = -q**2 + 4*q + 6. Calculate g(v).
1
Let m(n) = n**2 + 15*n - 27. Let o = -204 + 188. Determine m(o).
-11
Let g(r) = r + 5. Let c = -7 - -5. Let v be -6*1/c*2. Determine g(v).
11
Let d = -4397 + 4396. Let q(v) be the third derivative of v**4/2 - v**3/6 + 2*v**2. Determine q(d).
-13
Let h(m) be the third derivative of m**6/120 + m**5/12 - m**4/3 - 4*m**3/3 - m**2 - 5*m. Calculate h(-6).
4
Let v(o) = -1091*o**3 + 2*o**2 - 2 - 5 + 549*o**3 + 3 - 4*o + 543*o**3. Let n(a) = -a**2 + 3*a + 1. Let b be n(4). Determine v(b).
-1
Let m = 3 - 0. Let i(a) = 2*a**2 - 4*a + 6. Let f(l) = -3*l**2 + 7*l - 13. Let v(s) = m*f(s) + 5*i(s). Let o = -15 + 15. Determine v(o).
-9
Let j(s) be the first derivative of -s**3/3 + 2*s**2 - 18. Determine j(5).
-5
Let f(k) = -33 - 9*k + 5*k + k - 2*k + 3*k. What is f(-14)?
-5
Suppose -384*r = -352*r. Let v(w) = -2*w - 6 + 3*w + 0*w. Calculate v(r).
-6
Suppose -25 = -7*n + 12*n. Let c(m) = 4*m + 25. Let j be c(n). Let u(p) = p**3 - 4*p**2 - 6*p + 4. Calculate u(j).
-1
Let n(x) be the second derivative of x**5/5 - x**4/6 + x**3/6 + 3*x. Let l be ((-3)/1 - -1)/(-11 - -9). Determine n(l).
3
Let p(b) = b - 2. Let x be p(9). Let f(n) = -n**3 + n + x + 0 + 7. Give f(0).
14
Suppose 0*p + 2*m = -2*p + 98, 2*p + 4*m - 98 = 0. Let q be (-14)/p - (-200)/14. Suppose -10*h - 4 = -q*h. Let s(t) = 4*t**2 - t. Determine s(h).
3
Let r(f) = 5*f + 23. Let k = -566 - -560. Give r(k).
-7
Suppose 3*c = 6*c - 18. Let f be ((-4)/6)/(c/(-9)). Let q(k) = f + 0*k + 4*k - 2*k. Determine q(-4).
-7
Let j be 2 + 0 + 0 + 1. Let r(m) = 6*m + 12 - j*m - 13. Calculate r(2).
5
Let q(t) be the third derivative of -t**4/24 - 3*t**3/2 - t**2. Calculate q(-3).
-6
Let t(n) = 2*n + 4. Let w be (40/(-30) + 8)*6/4. What is t(w)?
24
Let b(p) = p**3 + 4*p**2 - 3*p + 3. Suppose -5*s - 5*y = 20, 5*s - 5*y = -2*y - 28. Give b(s).
-7
Let y(n) = 42*n**3 + 5 - n**2 + n - 128*n**3 + 38*n**3 + 47*n**3. Let u(i) = i + 2. Let o be u(-2). Calculate y(o).
5
Let q(a) = 1. Let p(k) = 2*k - 2. Let x(c) = -p(c) - 5*q(c). Let s be ((-8)/(-6))/((-2)/(-3)). Suppose h - s = -4. Determine x(h).
1
Suppose a - 2*l = 7 + 6, 0 = -a - 3*l - 12. Let i be -1*((-1)/a - (-8)/(-3)). Let h(n) = -n + 7. What is h(i)?
4
Let f(q) = -q - 2*q + 6*q - 4*q. Suppose 0*t + 24 = 4*t. Suppose -1 = t*s - 7*s. What is f(s)?
-1
Let x be (-6)/3 - 36/(-9). Let t = 5 - x. Let m(l) = l + 1 - 3*l + l. Calculate m(t).
-2
Let b(v) = 6*v + 5. Let r be b(0). Let z(g) = g - 9. Let h(m) = -2*m + 17. Let q(x) = r*z(x) + 3*h(x). Let k = 1 - -4. Give q(k).
1
Let g(a) be the first derivative of -a**4/4 - 8*a**3/3 + 7*a**2/2 - 10*a - 6. Let d(o) = 2*o**2 - 23*o + 36. Let y be d(9). Give g(y).
8
Suppose -2*j + 22 = 3*g, g + g = 5*j - 17. Suppose h + g*h - 25 = 0. Let u(r) be the second derivative of -r**5/20 + 5*r**4/12 - r**3/3 + r. Calculate u(h).
-10
Let j(l) = 7*l**3 - l + 1. Suppose 4*a + 1 = 5, 0 = -2*y - 5*a - 15. Let w be y/45 - ((-38)/9 + 3). Give j(w).
7
Let w(z) = -z**2 + 6*z + 6. Suppose 0 = 39*f - 42*f + 12. Suppose 6*l - f - 44 = 0. Give w(l).
-10
Let f(m) = 12*m - 6. Suppose -i + 0*q = -3*q + 17, -15 = -i - 5*q. Calculate f(i).
-66
Let i be -1 - (-4 - (1 + -2)). Let o(c) = -72*c**2 + 2 + 3*c + 3*c**3 - i*c**3 + 73*c**2. Determine o(-2).
-8
Let i be -3*2/(-20) + (-35939)/4330. Let v(n) = n - 18. Calculate v(i).
-26
Let g(n) = 13*n - 32. Let i(o) = 6*o - 15. Let k(l) = -2*g(l) + 5*i(l). Determine k(8).
21
Suppose -15 = -2*n - 3*n. Suppose -6*c - 5 - 19 = 0. Let u(v) = v**2 - 6*v + 3. Let o(z) = 2*z**2 - 12*z + 5. Let l(r) = c*o(r) + 7*u(r). What is l(n)?
10
Let c(v) = -v**2 - 7*v. Let q = 109 - 78. Let f = 25 - q. What is c(f)?
6
Suppose -f + 0 = -1, -2*f = 3*r + 7. Let w(y) be the third derivative of y**4/8 + y**3/3 - 53*y**2 - 11. Give w(r).
-7
Let o(w) = 2*w**2 + 7*w - 9. Let j = 352 - 357. Give o(j).
6
Suppose 54 + 216 = -45*y. Let b(v) = v**2 + 9*v + 16. Give b(y).
-2
Suppose -12*d - 3122 + 3158 = 0. Let u(t) = -11*t + 27. Give u(d).
-6
Let w be ((-8)/(-6))/(26/117). Suppose 30 = l - w*l. Let c(s) = 5*s + 7. Let t(b) = 4*b + 6. Let h(d) = l*t(d) + 5*c(d). Determine h(8).
7
Let f = 2 - -1. Let t(d) = -d - 11. Let n(h) be the second derivative of -h**3/6 - 11*h**2/2 - 18*h. Let p(a) = f*t(a) - 2*n(a). What is p(-7)?
-4
Let w = -4 - -9. Let l(t) = -5*t - w*t + 8*t. Let x(n) = -n + 8. Let k be x(6). Give l(k).
-4
Let h(g) = -g**3 - 5*g**2 - 2*g + 1. Suppose 35*m - 32*m + 84 = 0. Let v = 24 + m. What is h(v)?
-7
Let y be (32*-1)/(-4) - 2. Suppose -2*i = -y - 2. Let s(n) = -2*n + 6. What is s(i)?
-2
Let u be 2/3*18*(-1)/(-4). Let h(s) = s**u + 14 + 2*s**2 + 3*s - 18 - 6*s**2 - s. Determine h(3).
-7
Let w be 1 - (-1 - -2 - 1). Let n(q) = 102 + q - 2*q + 102 + 102 + 6*q**2 - 305. Calculate n(w).
6
Suppose 0 = j - 5*j + 8. Let z(d) = -2*d + 3. Let g be z(j). Let u(k) = 3*k. Determine u(g).
-3
Let m(w) = w**3 - 7*w**2 + w - 3. Let d be m(7). Let t(u) = u - 2. Let q(s) = -1. Let n(a) = d*t(a) - 10*q(a). Give n(-4).
-14
Let p(l) be the first derivative of -l**2/2 + 3*l + 2. Let d be p(3). Let v(c) = 3 - 4*c + d*c - c - c**2 + 8*c. Calculate v(4).
-1
Let i(h) = -h**2 - 2*h + 1. Let y(k) = k**3 - 2*k + 19. Let x(b) = -i(b) + y(b). Determine x(0).
18
Let a(s) = -3*s**2 - 12*s + 2. Let c(w) = -7*w**2 - 29*w + 5. Let l(h) = 9*a(h) - 4*c(h). Give l(-7).
-9
Let q(a) = -6 - 3*a + 18*a - 7*a - 5*a. Calculate q(4).
6
Let v(s) = -4*s + 26. Let q be v(8). Let d be (3 - 0) + q + -6 + 2. Let k(l) = -l**3 - 7*l**2 + l + 4. What is k(d)?
-3
Let v(g) = -24*g**3 + 23*g**2 - g + 135. Let a(p) = -13*p**3 + 12*p**2 + 73. Let o(f) = -11*a(f) + 6*v(f). Let q(s) = -s + 2. Let j be q(-3). Calculate o(j).
2
Let j(a) = -38*a + 112. Let w(g) = -22*g + 57. Let m(c) = 3*j(c) - 5*w(c). Give m(13).
-1
Let b(a) be the second derivative of -a**5/20 + a**4/4 + a**3/6 + 2*a**2 - 63*a. Determine b(3).
7
Let o(m) = m - 4. Let v(f) = -10*f + 50. Let g(q) = -18*o(q) - 2*v(q). What is g(19)?
10
Suppose -6*t = -521 + 533. Let q(f) = -11*f + 4. What is q(t)?
26
Let p be (-60)/(-14) - (-24)/(-84). Suppose 3*q - 8 = p. Suppose -22 = q*x + 14. Let u(g) = g**2 + 8*g - 6. Give u(x